rd derivative of -k**4/8 - k**3 + 2*k**2. Give v(q).
9
Let f(z) = 8*z**3 + 7*z**3 - 3*z - 15*z**3 + 3 - 2*z**3 - z**2. What is f(2)?
-23
Let u(l) = l**2 - 2*l. Let y be u(0). Suppose 3*a - 6*a + 6 = y. Let b(q) = 3*q**3 - 3*q**2 + q. What is b(a)?
14
Let r = 77 + -75. Let z(j) = -r*j - 9*j**2 + 2*j**2 - j**3 - j**2 - 4*j + 10. Calculate z(-7).
3
Let k(b) = -b**3 + 7*b**2 - 7*b + 6. Suppose 0 = 3*o + 5*u + 16, -3*u = o + 10 + 2. Suppose 5*r - 81 = -o*j, 3*j + 2*r - 81 = -2*r. Let t = j - 21. Give k(t).
0
Let a(z) = -z**3 + 2*z**2 - 1. Let p(t) = 4*t**3 - 6*t**2 + 2*t + 4. Let i(j) = -5*a(j) - p(j). Calculate i(4).
-7
Let h be ((-3)/(-15)*5)/((-3)/165). Let k = h + 50. Let l(d) = d**2 + 4*d + 1. What is l(k)?
6
Let j be 18/4 - 2/(-4). Suppose -5*b - s = 13 - 5, -j*s = -b - 12. Let i(d) be the third derivative of d**5/30 + d**4/12 + d**3/2 + 10*d**2. Determine i(b).
7
Let f(b) = -22*b**2 + 2*b - 3. Let v = -25 + 17. Let p(u) = 33*u**2 - 3*u + 5. Let q(z) = v*f(z) - 5*p(z). Determine q(-1).
11
Suppose 8*u + u = 27. Let b(o) = -o**2 + o**u - 12 - 2*o + 4 + 2*o. Determine b(0).
-8
Let c(j) = -12*j**3 + j**2 - j - 1. Let q be 28/5 + (-24)/40. Let o(p) = q*p - 4*p + 24*p**3 + 2 - 2*p**2 + p. Let n(s) = -5*c(s) - 3*o(s). What is n(-1)?
13
Let o(p) = -p**2 + 4. Let d(r) = r**3 + 12*r**2 - 14*r - 13. Let z be d(-13). Suppose 3*m + 2*l - 13 = z, l + 2 = 2*m - 2. What is o(m)?
-5
Let r(a) = 2*a + a + 4*a + 8 + 0 - 17*a. Give r(4).
-32
Suppose -3*n + 5*r + 76 = 0, -4*r = -0*r + 20. Let m = -20 + n. Let q(a) = a**2 - 3*a - 4. Give q(m).
14
Suppose -4*b + 0*b = 20, -2*n - 6 = 2*b. Let w(l) = -7*l - l**2 - l**3 + 2*l**2 + 5*l**n + 3. Give w(5).
-7
Let m = 1 - 2. Let y be 2*m*(-18)/12. Let p(r) = 2 + r + 0*r**2 + r**2 + 0*r + 0*r**3 + r**y. Determine p(0).
2
Let s be (-2)/10 - (-6)/5. Let h(j) = s + 0 - 3*j + 0*j. Let n(f) = -3*f**2 + 26*f + 11. Let l be n(9). Give h(l).
-5
Let a(h) be the third derivative of 0*h + 0*h**4 + 0 + 1/20*h**5 + 3*h**2 - 1/6*h**3 - 1/120*h**6. What is a(4)?
-17
Let f(o) be the third derivative of o**6/120 - o**5/10 + o**4/12 + 7*o**3/6 - 366*o**2. What is f(5)?
-8
Let d(h) = -h**2 - 1. Let a(g) = -5*g**2 + 8*g + 2. Let t(x) = a(x) - 4*d(x). Calculate t(8).
6
Let i(s) = 4*s**2 + 5*s + 5. Let v be i(-1). Let n(d) = d**3 - 5*d**2 + 6*d - 4. Calculate n(v).
4
Let b(x) be the third derivative of -x**4/24 - 5*x**3/3 + 33*x**2. Determine b(-8).
-2
Let c = 20 - 11. Suppose 0 = -26*p + 15 + 453. Let m be p/(-81) + 38/c. Let y(x) = -x**3 + 4*x**2 + x. Calculate y(m).
4
Let k(i) = i**3 + 12*i**2 - 28*i - 6. Let r be 100/(-5) - (-6)/2*2. Determine k(r).
-6
Let m be (-3)/(-5) + (-78)/30 + -6. Let t(x) = -3*x - 11. Calculate t(m).
13
Let z = 0 + -1. Let q(w) = -33*w**3 + 22*w**2 + 9*w - 2. Let k(i) = -16*i**3 + 12*i**2 + 5*i - 1. Let h(s) = 11*k(s) - 6*q(s). What is h(z)?
-22
Let p(q) = 2*q + 8. Let w = -448 + 440. Determine p(w).
-8
Let y(m) = -m + 14. Suppose 45*l - 600 = -5*l. Give y(l).
2
Let y(w) = -2 + 6 - 13*w**2 + 12*w**2 + 2 + 7*w. What is y(7)?
6
Let c(b) be the third derivative of 17*b**7/840 + b**6/180 + b**5/120 + 3*b**3/2 - 27*b**2. Let m(l) be the first derivative of c(l). Calculate m(-1).
-16
Let z(y) = -y - 1 - 2*y - 2*y**2 + 3*y**2. Suppose 13 = k - 6. Suppose 0 = 5*p - 1 - k. Calculate z(p).
3
Suppose 465 + 328 = 13*t. Let m(k) = -k - 30 - 27 + t. Calculate m(-5).
9
Let d(z) be the second derivative of -9*z**5/20 - z**4/6 - z**3/3 - z**2/2 + 182*z. Let u(q) = -q**2 - 6*q - 1. Let s be u(-6). What is d(s)?
8
Let o(k) = -k. Suppose -d - 3*d - 20 = 0. Let x = 0 - d. Suppose 2*m = 6*m - 4*l - 12, 4*m - x*l = 11. Calculate o(m).
-4
Let d = -2 - -2. Suppose 6 + d = 3*t. Let j(v) = -v**3 + 20*v**t - 21*v**2 + v + v. Give j(-2).
0
Suppose -3 = -6*h + 7*h - v, 2*h - 4*v + 14 = 0. Let x(n) = 3*n**2 + n - 1. Calculate x(h).
3
Let p(v) be the third derivative of v**6/120 - v**5/30 - v**4/8 + v**3/2 + 5*v**2. Suppose 3*z - 5 = 4. Determine p(z).
3
Let p(t) = -t + 5. Let o(b) = b. Let l(y) = 3*o(y) - p(y). What is l(-5)?
-25
Let v(x) = -49*x**3 - 5*x**2 - 48*x**3 + 6*x + 9 + 96*x**3. Determine v(-6).
9
Suppose 2*m + 4*h = 28, -3*m + 5*m + 2*h - 22 = 0. Let l(j) = -697*j - 699*j - 9 + 1398*j. What is l(m)?
7
Let k(i) = -i**3 - 8. Suppose 20*t - 19*t = 0. Give k(t).
-8
Let r(l) = 27*l + 128. Let y(v) = -5*v - 25. Let o(b) = 2*r(b) + 11*y(b). What is o(0)?
-19
Let x(j) = 3*j**3 - j**2 + 1. Let u be x(1). Suppose -5*a = 5*s, 0 = 4*a - u*s - 7. Let c be ((-2 - -1) + 1)*a. Let q(m) = m**2 + 5. Calculate q(c).
5
Let i(n) = -3*n**3 + n**2 + 1. Let w(s) = -10*s**3 + 20*s**2 - 43*s + 10. Let c(m) = 3*i(m) - w(m). Determine c(14).
7
Let z(v) = -7*v - 9 - 2143*v**3 + 4*v**2 + 4296*v**3 - 2152*v**3. Calculate z(-6).
-39
Let f(y) be the third derivative of -y**4/8 + 6*y**3 - 389*y**2. What is f(7)?
15
Let s(l) = -l**3 + 4*l**2 - 5*l + 6. Suppose -112*z + 106*z = -18. What is s(z)?
0
Let h(j) = -11 - 6 + 6 - j. Suppose 5 + 10 = -5*z, -4*d = z + 23. Calculate h(d).
-6
Let l(k) = 15*k + 69. Let s be l(-5). Let a(d) = d + 2. Determine a(s).
-4
Let n(q) be the third derivative of -q**5/10 - q**4/12 - q**3/3 + 15*q**2. Determine n(-2).
-22
Let t(p) = -1 - 30*p + 26*p + 2. Let z = 30 + -28. Calculate t(z).
-7
Let t(k) be the third derivative of k**5/120 + k**4/12 - k**3/3 - 8*k**2. Let l(h) be the first derivative of t(h). Give l(-4).
-2
Let n = -13 + 7. Let x(h) = -2*h**3 + 2*h**2 + 2*h - 1. Let w(v) = 5*v**3 + v**2 - 9*v - 3. Let y(s) = w(s) + 2*x(s). Give y(n).
-11
Let q be (5 + -3)*(3 + -2). Suppose -7*d - q*d - 54 = 0. Let u(w) = -w**2 + 2*w**2 + 8*w + 5 + 0*w**2. Determine u(d).
-7
Let w be 12/10*10/6. Let p(a) = 6*a**w + 9 + 5 - 19 + 6. Calculate p(1).
7
Let b(x) = -4*x - 2. Let p be b(1). Let f be (4 + 10/(-3))*p. Let i(a) = -a**2 - 3*a + 4. Determine i(f).
0
Let f(h) = h**2 - 4*h + 25. Let m(u) = 6*u**2 - 26*u + 151. Let x(a) = 13*f(a) - 2*m(a). What is x(0)?
23
Suppose 0*c = c + 4. Let n(b) be the first derivative of b - 6 - 1/2*b**2. Determine n(c).
5
Let c(d) = -9 + 15 - 15 + 18 - d. Suppose 15 + 17 = 4*q. Let y be (q/3)/(2/6). Determine c(y).
1
Let f(j) = 2*j - 11. Suppose 8 = 5*h - 67. Suppose 0 = 3*r + h, -4*g + r + 0*r + 113 = 0. Suppose -g = -7*p + 29. Give f(p).
5
Let i(q) be the second derivative of q**4/12 - q**3/6 - q**2/2 + 2*q. Let z be 22/(13 + -2) - 4. Calculate i(z).
5
Let t(j) = -6 + 18 - 10 - 6*j. Give t(-5).
32
Let p be (-4)/(-3)*18/(-12). Let t(d) = -d**2 - 3*d + 1. Determine t(p).
3
Let f = -5 - -10. Let i(p) = 4*p**2 + 2*p**2 + 8*p - 5*p**2 - f*p. Let h be i(-3). Let g(k) = -k**3 - k - 11. Calculate g(h).
-11
Let h(v) = -v**2 + 8*v. Suppose 0 = -3*t - u - 262, -u = -4*t - 541 + 187. Let s = -82 - t. Determine h(s).
12
Let k(m) = m**3 + 8*m**2 + 5*m - 4. Let b be 7 + -13 + -2 + (2 - -1). Determine k(b).
46
Let u(w) = -2*w + 20. Let x(o) be the third derivative of -o**4/24 + 13*o**3/6 + 2*o**2. Let d(t) = -5*u(t) + 8*x(t). Let r be (-18)/2 - (-4)/1. Determine d(r).
-6
Suppose 6*o + 148 = 4*o. Let j = 70 + o. Let a(t) = -t**3 - 5*t**2 - 5*t + 3. Determine a(j).
7
Let m(b) be the third derivative of -b**4/24 + b**3/6 + 4*b**2. Let k(o) = -2*o - 1. Let t(g) = k(g) - 3*m(g). Let v be -2*(-2)/4 - -1. Determine t(v).
-2
Let u(b) = -b**2 + 2*b. Let x(y) = y**2 + 14*y - 28. Let j be x(-16). What is u(j)?
-8
Let s(h) = 2*h + 7. Let g(d) = -d. Let j be g(-3). Suppose -j*c + 7*c = 0. Suppose 8 = 4*z + 3*y + 43, c = -5*z + 5*y. Give s(z).
-3
Suppose -15*m + 18*m = 6. Let v(x) = -7*x - 3. Let w(d) = 9*d + 4. Let j(a) = m*w(a) + 3*v(a). Give j(2).
-7
Let z(c) = -c**2 - 2*c + 1. Let p = 24 - 20. Suppose p*y - 8 = -4*j + 6*y, 24 = 2*j + 4*y. Give z(j).
-23
Let k be 4/(-18) + (-3120)/540. Let x(s) = s**2 + 8*s + 9. What is x(k)?
-3
Let o be 7*(-6)/(-4)*(-2)/(-3). Let n(p) = p + 0 + o + 0 - 1. Give n(-6).
0
Suppose 2*y - 26 = -16. Let q(o) = -3*o**3 - 13*o - 7*o**2 + o**2 + 6 + 17*o + 4*o**3. What is q(y)?
1
Let k(c) = -3 - 115*c**2 + 41*c**2 + c + 38*c**2 + 38*c**2 + 1. Determine k(2).
8
Let i(w) = 5*w - 1. Let o be ((-4)/(-6))/(6/18). Suppose o*t = -1 + 7. Calculate i(t).
14
Let h(i) = -5*i**2 + 24*i - 9. Let o be h(4). Let d(z) = -z + 13. What is d(o)?
6
Let h(o) = 0*o**2 + 8 + o**2 - 5*o - 2*o**2. Let i = 47 + -43. Suppose -2*v + 4 = 0, 4*s +